9, 547, 877
List the prime factors of 64106461.
83, 772367
List the prime factors of 641642803.
641642803
List the prime factors of 53890511.
61, 883451
List the prime factors of 20623950.
2, 3, 5, 15277
List the prime factors of 38828769.
3, 7, 157, 11777
What are the prime factors of 123626000?
2, 5, 61813
What are the prime factors of 183635266?
2, 19, 23, 210109
List the prime factors of 385108504.
2, 11, 23, 190271
What are the prime factors of 337599364?
2, 43, 1962787
What are the prime factors of 58881080?
2, 5, 937, 1571
List the prime factors of 43489843.
71, 211, 2903
What are the prime factors of 765133178?
2, 17, 89, 149, 1697
What are the prime factors of 87583824?
2, 3, 79, 7699
What are the prime factors of 257653805?
5, 3559, 14479
What are the prime factors of 159838119?
3, 7, 2537113
List the prime factors of 92868959.
179, 277, 1873
What are the prime factors of 235692102?
2, 3, 39282017
What are the prime factors of 39573026?
2, 19786513
List the prime factors of 14811982.
2, 19, 29, 13441
What are the prime factors of 55579074?
2, 3, 9263179
What are the prime factors of 851814342?
2, 3, 17, 31, 89797
What are the prime factors of 808294606?
2, 7, 2137, 27017
What are the prime factors of 2270062?
2, 29, 39139
List the prime factors of 1355550411.
3, 451850137
List the prime factors of 261501033.
3, 29, 653, 4603
List the prime factors of 2526615203.
7, 360945029
What are the prime factors of 2711640256?
2, 13, 3259183
List the prime factors of 413348590.
2, 5, 53, 179, 4357
List the prime factors of 132920360.
2, 5, 41, 81049
List the prime factors of 367248166.
2, 183624083
List the prime factors of 238890634.
2, 4337, 27541
What are the prime factors of 2623040876?
2, 19889, 32971
List the prime factors of 14852612.
2, 3713153
List the prime factors of 216074226.
2, 3, 43, 837497
List the prime factors of 1129122701.
7, 161303243
List the prime factors of 8151017592.
2, 3, 339625733
List the prime factors of 38659071.
3, 11, 17, 137, 503
List the prime factors of 986869940.
2, 5, 7, 1123, 6277
What are the prime factors of 164267638?
2, 929, 88411
List the prime factors of 697443536.
2, 23, 53, 35759
List the prime factors of 176503531.
461, 382871
List the prime factors of 16302806.
2, 13, 607, 1033
List the prime factors of 121107804.
2, 3, 10092317
What are the prime factors of 3968489478?
2, 3, 71, 9315703
List the prime factors of 184439916.
2, 3, 19, 3329
What are the prime factors of 245348632?
2, 31, 989309
What are the prime factors of 236290801?
53, 4458317
List the prime factors of 169343825.
5, 7, 23, 42073
What are the prime factors of 5418422976?
2, 3, 28220953
What are the prime factors of 688376241?
3, 7, 47, 383, 607
List the prime factors of 898225304.
2, 19, 523, 11299
List the prime factors of 172287117.
3, 19, 1007527
List the prime factors of 246928203.
3, 9145489
List the prime factors of 1182616267.
7, 269, 628049
List the prime factors of 287079080.
2, 5, 2671, 2687
What are the prime factors of 45872702?
2, 1063, 21577
What are the prime factors of 4723905048?
2, 3, 23, 8557799
What are the prime factors of 950499000?
2, 3, 5, 11, 9601
What are the prime factors of 1043010960?
2, 3, 5, 103, 42193
What are the prime factors of 664061189?
11, 61, 8179
What are the prime factors of 730072470?
2, 3, 5, 24335749
List the prime factors of 3105493822.
2, 239, 6496849
What are the prime factors of 81031149?
3, 47, 191563
List the prime factors of 24739807.
24739807
List the prime factors of 927643151.
4153, 223367
What are the prime factors of 3195851338?
2, 19, 89, 263, 3593
List the prime factors of 119214030.
2, 3, 5, 13, 17, 17981
What are the prime factors of 43631902?
2, 3517, 6203
List the prime factors of 146021015.
5, 7, 4172029
List the prime factors of 230668379.
19, 12140441
What are the prime factors of 5877361677?
3, 11, 16191079
What are the prime factors of 34507147?
2459, 14033
List the prime factors of 954040309.
421, 2266129
List the prime factors of 89093394.
2, 3, 13, 19, 29, 691
List the prime factors of 250491414.
2, 3, 41748569
What are the prime factors of 221968814?
2, 23, 1301, 3709
What are the prime factors of 170150104?
2, 21268763
What are the prime factors of 160497581?
73, 2198597
List the prime factors of 1193996918.
2, 71, 8408429
List the prime factors of 1287139165.
5, 13, 37, 535193
What are the prime factors of 639668?
2, 43, 3719
List the prime factors of 2749327.
7, 392761
List the prime factors of 98266747.
5113, 19219
List the prime factors of 210970631.
210970631
List the prime factors of 1658804780.
2, 5, 82940239
What are the prime factors of 49134558?
2, 3, 11, 197, 3779
List the prime factors of 944385014.
2, 23, 20530109
What are the prime factors of 774777258?
2, 3, 14347727
What are the prime factors of 19699417?
19699417
List the prime factors of 23180642.
2, 23, 503927
What are the prime factors of 51605047?
13, 17, 37, 6311
List the prime factors of 2959530401.
40591, 72911
What are the prime factors of 2798349401?
2798349401
List the prime factors of 463359859.
19, 461, 52901
List the prime factors of 77987780.
2, 5, 13, 19, 15787
List the prime factors of 4320784797.
3, 7, 205751657
What are the prime factors of 39443397?
3, 7, 1878257
What are the prime factors of 10831847?
13, 833219
List the prime factors of 5792302007.
5792302007
What are the prime factors of 1680612894?
2, 3, 17, 1830733
What are the prime factors of 14849118?
2, 3, 824951
What are the prime factors of 370657757?
19, 103, 189401
List the prime factors of 684655221.
3, 977, 233591
List the prime factors of 189684086.
2, 151, 628093
What are the prime factors of 61002387?
3, 6778043
List the prime factors of 134042900.
2, 5, 89, 15061
What are the prime factors of 145701345?
3, 5, 401, 24223
What are the prime factors of 3054882?
2, 3, 509147
List the prime factors of 2885593508.
2, 7, 103056911
List the prime factors of 36392774.
2, 11, 1654217
List the prime factors of 697881221.
697881221
What are the prime factors of 37027311?
3, 12342437
List the prime factors of 70644712.
2, 59, 97, 1543
What are the prime factors of 13244359?
67, 197677
List the prime factors of 7266922451.
41, 177242011
List the prime factors of 41634522.
2, 3, 911, 2539
List the prime factors of 42794304.
2, 3, 7, 17, 1873
What are the prime factors of 2811149464?
2, 467, 752449
List the prime factors of 905369451.
3, 7, 541, 79691
What are the prime factors of 5309560?
2, 5, 132739
What are the prime factors of 69606446?
2, 7, 13, 181, 2113
List the prime factors of 88720567.
13, 43, 3691
List the prime factors of 8468827968.
2, 3, 6277, 7027
What are the prime factors of 424644533?
53, 8012161
What are the prime factors of 2546685?
3, 5, 17, 3329
What are the prime factors of 1870159888?
2, 29, 563, 7159
What are the prime factors of 48222325?
5, 659, 2927
List the prime factors of 1467348390.
2, 3, 5, 199, 81929
What are the prime factors of 728207240?
2, 5, 17, 71, 15083
What are the prime factors of 290757831?
3, 7, 13, 1065047
What are the prime factors of 353247075?
3, 5, 174443
What are the prime factors of 54808156?
2, 13, 1054003
List the prime factors of 303921981.
3, 11, 53, 57923
What are the prime factors of 33938280?
2, 3, 5, 94273
List the prime factors of 29282503.
37, 791419
List the prime factors of 63007075.
5, 2520283
What are the prime factors of 3950203126?
2, 23, 5081, 16901
List the prime factors of 24866523.
3, 11, 251177
List the prime factors of 25249545.
3, 5, 561101
What are the prime factors of 2918857297?
23, 31, 1499, 2731
What are the prime factors of 2414427749?
7559, 319411
What are the prime factors of 1230318530?
2, 5, 7, 23, 47, 71, 229
What are the prime factors of 4222086487?
571, 1297, 5701
What are the prime factors of 62688757?
62688757
List the prime factors of 8446072.
2, 113, 9343
What are the prime factors of 488278964?
2, 17, 7180573
What are the prime factors of 157625165?
5, 1543, 20431
List the prime factors of 95726065.
5, 17, 1126189
What are the prime factors of 1792296215?
5, 358459243
List the prime factors of 509380.
2, 5, 25469
List the prime factors of 7101708979.
17, 2741, 152407
List the prime factors of 2829366328.
2, 101, 103, 33997
